 of 28 and n.
28
Let i(c) be the second derivative of 7*c**3/6 - 11*c**2/2 + 29*c + 2. Let y be i(2). Suppose 33*w + 66 = 35*w. Calculate the greatest common factor of w and y.
3
Suppose -24*o + 9*o = -135. Let h be 24*((-3)/o - -1). Calculate the highest common divisor of h and 464.
16
Suppose 4*s - 2*s = 114. Let n be -1 + 7 - (-9)/3. Suppose -16302 = n*l - 35*l. Calculate the greatest common factor of s and l.
57
Let j be -5 + 1 + 19/(152/2424). Let u = -263 + j. Calculate the greatest common divisor of u and 18.
18
Let s(q) be the first derivative of -q**3/3 + 6*q**2 - 16*q - 74. Let r be s(10). Calculate the greatest common factor of 7 and r.
1
Suppose -7*x + 11*x + 108 = l, 655 = 5*l + 3*x. What is the highest common factor of 2944 and l?
128
Let k(y) be the first derivative of 67*y**4/2 + 5*y**3/3 - y**2/2 - 3*y + 187. Let p be k(1). What is the highest common divisor of p and 81?
27
Suppose 3*v + 6 = 0, 2*v = 3*p + 6*v - 70. Let w = 10 + 33. Suppose 46*y - 312 = w*y. Calculate the greatest common factor of y and p.
26
Let v be -13*32/(-3536) + (-4144)/(-34). Calculate the highest common divisor of v and 34404.
122
Let w(c) = c - 2. Let s be w(7). Suppose -s*k = -4*k - 11. Let h be 2*-18*6/(168/(-77)). What is the highest common factor of h and k?
11
Let k be ((-22824)/144)/((-2)/(-4)). Let b = k - -326. Calculate the highest common divisor of b and 171.
9
Let x be -1 + 1/(-3) - 323125/(-75). What is the greatest common divisor of x and 59?
59
Suppose 363*f = 1444163 + 54301. Calculate the highest common divisor of 240 and f.
48
Let z(c) = 74*c**2 - 8. Let n be z(-2). Let o = -141 + 173. Calculate the highest common factor of n and o.
32
Suppose 26*m + 3*q - 24 = 23*m, 4 = -3*m + q. Let d be ((-3)/(-6))/((-1)/(-98)). What is the highest common divisor of d and m?
1
Let j(q) = q**3 - 6*q**2 + 6*q - 307. Let s be j(10). What is the greatest common factor of 963 and s?
9
Suppose -122 = -3*o - 2. Suppose 0 = 4*y + 20 - o. Suppose 0 = y*v + 20, -255 + 74 = -3*j - 2*v. What is the greatest common factor of j and 7?
7
Let j = -3307 + 4672. What is the greatest common factor of j and 210?
105
Let p(w) = -9*w**2 + 64*w. Let s be p(5). Let b(n) = -5*n - 5. Let d be b(-4). Calculate the greatest common factor of s and d.
5
Let p(h) = h**2 - 3*h + 3. Let r = 168 + -165. Let l be p(r). What is the greatest common factor of l and 81?
3
Suppose 550 = 2*q + 2*l, -15*l + 13*l - 1403 = -5*q. Suppose 2*h + 0*h - 62 = 0. Let d be h - 1 - (-4 + 3). What is the greatest common divisor of q and d?
31
Suppose -507*r + 509*r + 1274 = 0. Let o = -487 - r. Calculate the highest common factor of 825 and o.
75
Let b = -100 - -27. Let s = -6 + 81. Let t = s + b. Calculate the highest common divisor of t and 18.
2
Suppose 3*r + 48 = 4*r. Let c = 18 - 18. Suppose c*o + 2*o - 2 = -2*h, -2*h - o + 7 = 0. Calculate the greatest common divisor of h and r.
6
Suppose -90*z + d + 17 = -89*z, -2*z - 2*d + 38 = 0. Let m be (-1 - 0) + 162 + 1. Calculate the greatest common divisor of m and z.
18
Let r = 57 - 49. Suppose h - 3*a + 12 = 0, 5*h - 5*a + r = -2. Suppose -h*z + 126 = 3*z. What is the greatest common divisor of z and 7?
7
Let u = -139 + 139. Suppose u = 11*b - 9*b - 90. Let v(p) = p**2 - 9*p + 8. Let i be v(10). What is the greatest common factor of b and i?
9
Suppose 0 = -3*w + 2*d + 389, 73*w - 2*d = 75*w - 266. What is the highest common divisor of w and 2882?
131
Let g be (-8 + (-12)/(-4))*(-10 - -9). Suppose 89 = s - 3*o - o, 3*o - 337 = -4*s. What is the greatest common divisor of g and s?
5
Let l(z) = 7*z**2 - 68*z + 1897. Let a be l(49). What is the greatest common divisor of 28 and a?
28
Let t(m) = 2*m**2 + 51*m - 57. Let f(l) = l**2 + 17*l - 20. Let n(c) = 8*f(c) - 3*t(c). Let j be n(8). What is the greatest common factor of 69 and j?
3
Let f be (-1344)/240*14*(506/(-8) - 3). Calculate the highest common divisor of 882 and f.
98
Suppose -115*b + 0*b + 198030 = 115*b. What is the highest common divisor of 77 and b?
7
Suppose -2*s + 360 = -5*y, 0 = 5*y - 0*s - 4*s + 370. Let z = y + 85. What is the highest common factor of 285 and z?
15
Let t(s) = 155*s - 1110. Let y be t(8). Calculate the greatest common divisor of y and 962.
26
Let f be (-1 + -13)*(-6)/4. Let s(o) = 2*o**2 - 121*o - 1967. Let b be s(-14). Calculate the greatest common factor of b and f.
7
Suppose 2*l - l = -2. Let a be l/3*-21 + -3. Suppose i - a*i = -90. What is the greatest common factor of 3 and i?
3
Let f be 23/((-2)/6*1). Let p = f - -184. What is the greatest common factor of p and 69?
23
Let n = 18013 - 14331. Calculate the greatest common factor of n and 210.
14
Suppose 6*k - 110400 = -11*k - 63*k. What is the highest common divisor of k and 15?
15
Suppose 5*l - 33783 = -4*u, 212*l + 25311 = 3*u + 207*l. Calculate the highest common divisor of 9 and u.
9
Let i be 4/(-6) + 681/9. Let g be 24*-5*(-5)/i. Suppose -2*t - x = -t - 8, 0 = 3*t - 5*x + g. What is the greatest common divisor of 32 and t?
4
Suppose -6*x - 7*x = x. Suppose -29*i + 118 + 259 = x. Calculate the highest common factor of 52 and i.
13
Let n(r) = r**2 - 42*r - 369. Let k be n(-9). Calculate the highest common divisor of k and 320.
10
Suppose -7*p = -4*y - 217, 5*p - 3*y - 84 = 72. What is the highest common divisor of 1899 and p?
9
Suppose -5*c + 4312 = 4*j, 5*j + 318 = -5*c + 5718. Calculate the greatest common factor of j and 128.
64
Suppose 3*t + 4*v + 8 = -4, 5*t + 5*v = -25. Let d(u) = 7*u + 79. Let i be d(t). What is the highest common factor of 92 and i?
23
Let p be ((-3)/5)/((24/15)/8). Let c be (1/p - 0)/(86/(-21414)). Calculate the highest common divisor of 913 and c.
83
Suppose -4*l - 44 = -q, -18*l = -4*q - 20*l + 122. What is the greatest common divisor of q and 48?
16
Let k(i) = -216*i**2 - 299*i + 1. Let v be k(-1). What is the greatest common divisor of 24276 and v?
84
Let u be 2*((-1735)/(-10) + 0) - -1. Let z = u + -323. Calculate the greatest common divisor of 175 and z.
25
Let y(p) = p**2 - 79*p - 465. Let j be y(-6). Calculate the highest common factor of 185 and j.
5
Let t(k) = 6*k - 6. Let a be t(4). Let u = 671 - -1264. Let f be u/54 + 3/a. Calculate the highest common divisor of f and 12.
12
Suppose -x + 3*x - 848 = 0. Suppose 0 = -7*m + 4*c + 48, 4*c = -3*m - 33 + 65. What is the greatest common factor of m and x?
8
Let y(d) = 40*d - 9. Let w be y(-18). Let a be 0 + w/(-21) + 14/49. Suppose 0 = -2*c, -3*j - 4*c - c = -15. Calculate the greatest common factor of j and a.
5
Let p be (85/30*-4)/(2/(-12)). Suppose x - 2*x + p = 0. Suppose 3*s - 2*w = x, 3*w - 111 = -3*s - 33. What is the highest common divisor of s and 24?
24
Suppose -4*z - 40*n + 3674 = -41*n, -5*z - 3*n + 4584 = 0. Calculate the highest common divisor of z and 54.
54
Suppose 58*r - 54*r = -v + 190, -v - 86 = -2*r. Calculate the greatest common divisor of 437 and r.
23
Suppose 0 = -0*h - 4*h + 12, -5*x = -h - 17. Suppose x*c - 3*w = -207, 2*c - 2*w + 51 = -53. Let m = 0 - c. Calculate the greatest common factor of m and 17.
17
Let b be (-32)/24 - (-55)/3. Suppose -8 = 3*g - b. Suppose 3 + 2 = n - o, 7 = n - g*o. What is the greatest common divisor of 32 and n?
4
Let r be 369/(-15)*667400/(-1065). Calculate the greatest common divisor of r and 1128.
376
Let t be -42*(-2 + 24/14 + 0). Suppose 6*w = w - 160. Let c be (-2)/(w/12 + 2). Calculate the greatest common divisor of t and c.
3
Let f(t) = -106*t - 3. Let x be f(-2). Let b = -536 - -520. Let v be (152/b)/((-11)/2 - -5). Calculate the greatest common factor of x and v.
19
Let j = 5067 - 4227. What is the greatest common factor of j and 3990?
210
Let u = 7003 + 125. Calculate the greatest common divisor of u and 264.
264
Let o be (-1 - (-96)/3)*8. Suppose 4*i - 220 - o = 0. Let v(u) = 29*u - 1598. Let h be v(56). Calculate the highest common factor of h and i.
13
Let g(d) = 3*d**3 + 553*d**2 - 934*d - 55. Let t be g(-186). Calculate the highest common divisor of 1908 and t.
53
Let n(l) = 34*l**3 + 2*l**2 + 23*l + 16. Let s be n(4). Calculate the highest common divisor of s and 96.
12
Let d(u) = 33*u**2 - 639*u - 399. Let i be d(20). Let g(p) = -p**3 + 3*p**2 - 2*p + 3. Let x be g(2). Calculate the greatest common factor of x and i.
3
Let q be 2 + 3 + (-682)/(-62). What is 